(base 3) to base 5
-3
What is 3 (base 14) in base 7?
3
1 (base 15) to base 8
1
What is -1 (base 13) in base 10?
-1
Convert -1 (base 2) to base 16.
-1
What is 7 (base 15) in base 8?
7
What is 10111 (base 2) in base 11?
21
Convert 102 (base 3) to base 14.
b
What is 1100 (base 6) in base 16?
fc
Convert -11b (base 16) to base 15.
-13d
4 (base 11) to base 8
4
2 (base 16) to base 6
2
7 (base 16) to base 7
10
What is 26 (base 16) in base 12?
32
What is 126 (base 10) in base 6?
330
Convert 0 (base 3) to base 5.
0
-86 (base 14) to base 3
-11101
What is -64 (base 7) in base 5?
-141
Convert 24 (base 16) to base 8.
44
Convert 13 (base 6) to base 16.
9
What is -5 (base 14) in base 4?
-11
What is -2 (base 7) in base 5?
-2
Convert -10111 (base 3) to base 7.
-163
75 (base 9) to base 3
2112
What is 16 (base 12) in base 9?
20
Convert 1001000 (base 2) to base 11.
66
-6 (base 8) to base 15
-6
What is -9c (base 15) in base 16?
-93
What is 1102 (base 5) in base 15?
a2
-3 (base 15) to base 10
-3
What is 4 (base 9) in base 2?
100
Convert -b (base 13) to base 12.
-b
-19 (base 16) to base 6
-41
210 (base 3) to base 13
18
Convert 21 (base 16) to base 11.
30
2 (base 15) to base 2
10
Convert -107 (base 11) to base 12.
-a8
-18 (base 11) to base 14
-15
What is 1110 (base 2) in base 13?
11
86 (base 10) to base 16
56
-23 (base 4) to base 12
-b
What is -27 (base 11) in base 3?
-1002
4 (base 5) to base 3
11
-1111 (base 2) to base 16
-f
Convert -3 (base 6) to base 10.
-3
Convert 10 (base 2) to base 6.
2
1 (base 3) to base 6
1
-25 (base 16) to base 11
-34
5 (base 12) to base 14
5
-2 (base 8) to base 10
-2
Convert 13 (base 8) to base 6.
15
What is 5 (base 8) in base 12?
5
Convert 79 (base 10) to base 15.
54
Convert 2 (base 12) to base 4.
2
-11 (base 12) to base 15
-d
Convert -344 (base 6) to base 9.
-161
-7d (base 15) to base 12
-9a
What is 2 (base 15) in base 12?
2
What is 1 (base 6) in base 15?
1
What is 310 (base 8) in base 3?
21102
What is 1 (base 10) in base 13?
1
What is 4 (base 8) in base 4?
10
4 (base 8) to base 13
4
Convert -2 (base 13) to base 9.
-2
Convert -11 (base 4) to base 10.
-5
Convert -16 (base 12) to base 11.
-17
Convert -20 (base 14) to base 12.
-24
Convert 1433 (base 5) to base 6.
1043
Convert -11 (base 2) to base 7.
-3
11010 (base 2) to base 9
28
0 (base 2) to base 16
0
What is 10100 (base 2) in base 4?
110
What is 15 (base 9) in base 5?
24
-a (base 14) to base 7
-13
Convert 0 (base 8) to base 12.
0
Convert -264 (base 9) to base 6.
-1004
What is 1154 (base 6) in base 7?
556
Convert -1 (base 16) to base 12.
-1
What is -1 (base 7) in base 10?
-1
Convert 3201 (base 4) to base 16.
e1
47 (base 16) to base 8
107
-2 (base 5) to base 7
-2
18 (base 10) to base 12
16
-1d (base 14) to base 8
-33
Convert -16 (base 10) to base 6.
-24
Convert -12 (base 11) to base 8.
-15
Convert 74 (base 15) to base 8.
155
-1 (base 10) to base 2
-1
Convert 29 (base 13) to base 3.
1022
83 (base 14) to base 3
11021
What is 0 (base 10) in base 4?
0
What is 0 (base 7) in base 9?
0
-3f (base 16) to base 6
-143
What is -101 (base 2) in base 7?
-5
Convert 2 (base 14) to base 12.
2
-11 (base 5) to base 2
-110
What is -17 (base 15) in base 14?
-18
Convert 38 (base 10) to base 14.
2a
What is 2 (base 9) in base 10?
2
What is 4 (base 12) in base 7?
4
Convert -2 (base 4) to base 16.
-2
Convert -220 (base 5) to base 7.
-114
Convert -5 (base 14) to base 11.
-5
Convert -1 (base 5) to base 8.
-1
-10100001 (base 2) to base 3
-12222
5 (base 12) to base 15
5
What is 2221 (base 3) in base 10?
79
What is 3b (base 14) in base 2?
110101
What is -23 (base 13) in base 14?
-21
-1 (base 7) to base 5
-1
What is -100 (base 2) in base 7?
-4
What is -204 (base 7) in base 2?
-1100110
What is 53 (base 11) in base 14?
42
18 (base 12) to base 3
202
What is 1 (base 5) in base 10?
1
1123 (base 4) to base 7
160
-a5 (base 11) to base 15
-7a
What is 2 (base 3) in base 13?
2
102 (base 3) to base 10
11
-87 (base 13) to base 5
-421
What is -11 (base 9) in base 16?
-a
Convert -77 (base 9) to base 12.
-5a
What is -9 (base 16) in base 11?
-9
What is 10 (base 7) in base 5?
12
Convert -4 (base 11) to base 14.
-4
15 (base 9) to base 16
e
-4 (base 11) to base 13
-4
What is 101010 (base 2) in base 12?
36
1100 (base 2) to base 3
110
What is 11 (base 3) in base 12?
4
Convert 1000 (base 4) to base 8.
100
Convert -6 (base 9) to base 14.
-6
What is -4 (base 15) in base 10?
-4
What is 52 (base 6) in base 7?
44
-44 (base 5) to base 15
-19
Convert -f (base 16) to base 6.
-23
-1 (base 11) to base 9
-1
What is -6 (base 11) in base 16?
-6
-3 (base 13) to base 9
-3
Convert -4 (base 6) to base 12.
-4
What is -340 (base 7) in base 15?
-ba
1111111 (base 2) to base 6
331
Convert 4 (base 6) to base 4.
10
What is -10 (base 2) in base 5?
-2
Convert 4 (base 15) to base 11.
4
-1222 (base 5) to base 7
-355
10 (base 7) to base 3
21
-11 (base 11) to base 6
-20
104 (base 14) to base 6
532
212 (base 6) to base 12
68
What is -11 (base 13) in base 3?
-112
Convert a5 (base 16) to base 9.
203
What is -41 (base 12) in base 9?
-54
What is -a8 (base 11) in base 15?
-7d
What is -7c (base 15) in base 3?
-11100
What is 3 (base 9) in base 16?
3
-18 (base 14) to base 11
-20
Convert 113 (base 6) to base 9.
50
-50 (base 14) to base 3
-2121
What is 0 (base 16) in base 8?
0
What is 1 (base 4) in base 14?
1
What is -14 (base 9) in base 15?
-d
-1a (base 15) to base 12
-21
Convert 2 (base 10) to base 7.
2
8 (base 10) to base 7
11
Convert 125 (base 10) to base 9.
148
Convert -83 (base 10) to base 14.
-5d
21 (base 10) to base 2
10101
101 (base 3) to base 16
a
Convert -20 (base 10) to base 16.
-14
What is 31 (base 9) in base 12?
24
37 (base 11) to base 5
130
Convert -b (base 15) to base 7.
-14
Convert 3 (base 11) to base 16.
3
Convert -14 (base 5) to base 13.
-9
1 (base 10) to base 15
1
Convert -23 (base 9) to base 7.
-30
Convert 4 (base 11) to base 9.
4
What is 1 (base 14) in base 13?
1
10 (base 4) to base 8
4
111 (base 3) to base 2
1101
What is -2 (base 6) in base 5?
-2
Convert -17 (base 12) to base 2.
-10011
-100010 (base 2) to base 15
-24
-12 (base 5) to base 8
-7
Convert 0 (base 12) to base 5.
0
1020 (base 5) to base 16
87
121 (base 13) to base 5
1241
Convert 47 (base 14) to base 16.
3f
Convert 1 (base 15) to base 16.
1
55 (base 7) to base 6
104
Convert 412 (base 5) to base 4.
1223
Convert 1 (base 14) to base 9.
1
Convert 1120 (base 3) to base 8.
52
4 (base 12) to base 9
4
-4 (base 6) to base 4
-10
What is -4 (base 12) in base 7?
-4
Convert 34 (base 5) to base 12.
17
-123 (base 8) to base 15
-58
Convert 5 (base 6) to base 5.
10
Convert 5 (base 9) to base 13.
5
5 (base 8) to base 4
11
-10 (base 6) to base 13
-6
31 (base 6) to base 7
25
What is 13 (base 6) in base 5?
14
What is 26 (base 8) in base 6?
34
Convert 300 (base 4) to base 14.
36
-24 (base 9) to base 5
-42
Convert -1 (base 13) to base 5.
-1
What is 60 (base 10) in base 6?
140
What is -3 (base 12) in base 2?
-11
What is 18 (base 12) in base 13?
17
1c (base 13) to base 6
41
What is -221 (base 3) in base 11?
-23
-21 (base 6) to base 5
-23
Convert -37 (base 12) to base 14.
-31
What is -150 (base 8) in base 7?
-206
84 (base 14) to base 9
138
What is -3 (base 8) in base 14?
-3
Convert 0 (base 12) to base 8.
0
Convert 1 (base 15) to base 3.
1
11 (base 12) to base 6
21
Convert 4 (base 10) to base 9.
4
-266 (base 9) to base 6
-1010
What is -5 (base 9) in base 4?
-11
Convert 4f (base 16) to base 11.
72
Convert 11 (base 13) to base 10.
14
8 (base 10) to base 4
20
Convert 17 (base 10) to base 4.
101
What is -25 (base 10) in base 13?
-1c
Convert 120 (base 3) to base 10.
15
322 (base 4) to base 5
213
What is 1 (base 5) in base 14?
1
37 (base 8) to base 7
43
-5 (base 15) to base 8
-5
Convert -4 (base 12) to base 16.
-4
-7 (base 16) to base 9
-7
101 (base 3) to base 5
20
What is 9 (base 13) in base 15?
9
Convert -8a (base 14) to base 15.
-82
What is -3 (base 13) in base 3?
-10
Convert 4 (base 9) to base 3.
11
Convert -3 (base 4) to base 16.
-3
What is b (base 13) in base 15?
b
-5 (base 13) to base 14
-5
19 (base 14) to base 10
23
What is -160 (base 13) in base 10?
-247
-30 (base 12) to base 11
-33
-112 (base 4) to base 9
-24
What is 74 (base 8) in base 10?
60
What is 7 (base 9) in base 12?
7
-11 (base 2) to base 12
-3
Convert -73 (base 